{"id":80,"date":"2025-04-03T09:38:07","date_gmt":"2025-04-03T12:38:07","guid":{"rendered":"https:\/\/cultura.camposdojordao.sp.gov.br\/?page_id=80"},"modified":"2025-06-10T12:51:58","modified_gmt":"2025-06-10T15:51:58","slug":"casa-de-cultura","status":"publish","type":"page","link":"https:\/\/cultura.camposdojordao.sp.gov.br\/?page_id=80","title":{"rendered":"Casa de Cultura"},"content":{"rendered":"\t\t<div data-elementor-type=\"wp-page\" data-elementor-id=\"80\" class=\"elementor elementor-80\" data-elementor-post-type=\"page\">\n\t\t\t\t<div class=\"elementor-element elementor-element-d3ee81b e-flex e-con-boxed e-con e-parent\" data-id=\"d3ee81b\" data-element_type=\"container\" data-e-type=\"container\">\n\t\t\t\t\t<div class=\"e-con-inner\">\n\t\t\t\t<div class=\"elementor-element elementor-element-2e9db6d elementor-widget elementor-widget-image\" data-id=\"2e9db6d\" data-element_type=\"widget\" data-e-type=\"widget\" data-widget_type=\"image.default\">\n\t\t\t\t\t\t\t\t\t\t\t\t\t\t\t<img fetchpriority=\"high\" decoding=\"async\" width=\"640\" height=\"360\" src=\"https:\/\/cultura.camposdojordao.sp.gov.br\/wp-content\/uploads\/2025\/04\/201504241247271-2.jpg\" class=\"attachment-large size-large wp-image-231\" alt=\"\" srcset=\"https:\/\/cultura.camposdojordao.sp.gov.br\/wp-content\/uploads\/2025\/04\/201504241247271-2.jpg 640w, https:\/\/cultura.camposdojordao.sp.gov.br\/wp-content\/uploads\/2025\/04\/201504241247271-2-300x169.jpg 300w\" sizes=\"(max-width: 640px) 100vw, 640px\" \/>\t\t\t\t\t\t\t\t\t\t\t\t\t\t\t<\/div>\n\t\t\t\t\t<\/div>\n\t\t\t\t<\/div>\n\t\t<div class=\"elementor-element elementor-element-5f56a11 e-flex e-con-boxed e-con e-parent\" data-id=\"5f56a11\" data-element_type=\"container\" data-e-type=\"container\">\n\t\t\t\t\t<div class=\"e-con-inner\">\n\t\t\t\t<div class=\"elementor-element elementor-element-23124da elementor-widget elementor-widget-heading\" data-id=\"23124da\" data-element_type=\"widget\" data-e-type=\"widget\" data-widget_type=\"heading.default\">\n\t\t\t\t\t<h2 class=\"elementor-heading-title elementor-size-default\">A Hist\u00f3rica Casa da Cultura de Campos do Jord\u00e3o<\/h2>\t\t\t\t<\/div>\n\t\t\t\t<div class=\"elementor-element elementor-element-8737096 elementor-widget elementor-widget-text-editor\" data-id=\"8737096\" data-element_type=\"widget\" data-e-type=\"widget\" data-widget_type=\"text-editor.default\">\n\t\t\t\t\t\t\t\t\t<p data-sourcepos=\"5:1-5:370\">A Casa da Cultura de Campos do Jord\u00e3o, situada no final da Avenida Brigadeiro Jord\u00e3o, em Vila Abern\u00e9ssia, \u00e9 uma das constru\u00e7\u00f5es mais antigas da cidade, com sua hist\u00f3ria entrela\u00e7ada ao desenvolvimento cultural e social de Campos do Jord\u00e3o. Edificada na d\u00e9cada de 1920, a casa exibe a arquitetura tradicional das antigas casas de fazenda da regi\u00e3o.<\/p><p data-sourcepos=\"5:1-5:370\">Em seus primeiros anos, durante a d\u00e9cada de 1930, a propriedade teve um papel importante no contexto de Campos do Jord\u00e3o como destino para tratamento de tuberculose. Sob a propriedade do Dr. Diogo Lara Cruz, funcionou como pens\u00e3o mista para pacientes em busca de tratamento.<span class=\"button-container hide-from-message-actions ng-star-inserted\">\u00a0<\/span><\/p><p data-sourcepos=\"9:1-9:253\">Ao longo das d\u00e9cadas de 1940 e 1950, a casa tornou-se resid\u00eancia da fam\u00edlia italiana Santo Sc\u00f3fano, cujo patriarca, Santo &#8220;Peixeiro&#8221;, foi um conhecido comerciante de peixes e frutos do mar no antigo Mercado Municipal por mais de trinta anos.<\/p><p data-sourcepos=\"11:1-11:605\">Uma transforma\u00e7\u00e3o significativa ocorreu em 1960, quando o casar\u00e3o foi integrado \u00e0 Rede Internacional de Albergues da Juventude. Conhecida ent\u00e3o como &#8220;Casa da Juventude&#8221;, o local proporcionou a jovens de todo o Brasil e de diversas partes do mundo uma op\u00e7\u00e3o de hospedagem mais acess\u00edvel em Campos do Jord\u00e3o. Em 1974, a Casa da Juventude at\u00e9 serviu de cen\u00e1rio para o filme &#8220;O Clube das Infi\u00e9is&#8221;, dirigido por Cl\u00e1udio Cunha, com Tony Tornado e \u00cdris Bruzzi no elenco. Al\u00e9m disso, em 1976, o Ex\u00e9rcito Brasileiro utilizou o espa\u00e7o para o alistamento militar dos jovens da cidade.<\/p><p data-sourcepos=\"13:1-13:195\">Em outubro de 1990, a Casa da Cultura passou a abrigar o Museu da Imagem e Som de Campos do Jord\u00e3o, tornando-se patrim\u00f4nio da Prefeitura Municipal e sendo inaugurado como museu em 1992.<\/p><p data-sourcepos=\"15:1-15:226\">Reconhecendo seu valor hist\u00f3rico e arquitet\u00f4nico, a edifica\u00e7\u00e3o foi tombada como Patrim\u00f4nio Hist\u00f3rico Cultural e Arquitet\u00f4nico em abril de 2012, com o ato confirmado pelo Decreto n\u00ba 7836\/17, de 23 de novembro de 2017.<span class=\"button-container hide-from-message-actions ng-star-inserted\">\u00a0<\/span><\/p><p data-sourcepos=\"15:1-15:226\">Hoje, a Casa da Cultura desempenha um papel fundamental na vida cultural da cidade, servindo como sede da Secretaria Municipal de Valoriza\u00e7\u00e3o da Cultura.<\/p>\t\t\t\t\t\t\t\t<\/div>\n\t\t\t\t\t<\/div>\n\t\t\t\t<\/div>\n\t\t<div class=\"elementor-element elementor-element-626d1b1 e-flex e-con-boxed e-con e-parent\" data-id=\"626d1b1\" data-element_type=\"container\" data-e-type=\"container\">\n\t\t\t\t\t<div class=\"e-con-inner\">\n\t\t\t\t<div class=\"elementor-element elementor-element-8414784 elementor-widget elementor-widget-image-gallery\" data-id=\"8414784\" data-element_type=\"widget\" data-e-type=\"widget\" data-widget_type=\"image-gallery.default\">\n\t\t\t\t\t\t\t<div class=\"elementor-image-gallery\">\n\t\t\t<div id='gallery-1' class='gallery galleryid-80 gallery-columns-4 gallery-size-thumbnail'><figure class='gallery-item'>\n\t\t\t<div class='gallery-icon landscape'>\n\t\t\t\t<a data-elementor-open-lightbox=\"yes\" data-elementor-lightbox-slideshow=\"8414784\" data-elementor-lightbox-title=\"201504241247271 (2)\" data-e-action-hash=\"#elementor-action%3Aaction%3Dlightbox%26settings%3DeyJpZCI6MjMxLCJ1cmwiOiJodHRwczpcL1wvY3VsdHVyYS5jYW1wb3Nkb2pvcmRhby5zcC5nb3YuYnJcL3dwLWNvbnRlbnRcL3VwbG9hZHNcLzIwMjVcLzA0XC8yMDE1MDQyNDEyNDcyNzEtMi5qcGciLCJzbGlkZXNob3ciOiI4NDE0Nzg0In0%3D\" href='https:\/\/cultura.camposdojordao.sp.gov.br\/wp-content\/uploads\/2025\/04\/201504241247271-2.jpg'><img decoding=\"async\" width=\"150\" height=\"150\" data-src=\"https:\/\/cultura.camposdojordao.sp.gov.br\/wp-content\/uploads\/2025\/04\/201504241247271-2-150x150.jpg\" class=\"attachment-thumbnail size-thumbnail lazyload\" alt=\"\" src=\"data:image\/svg+xml;base64,PHN2ZyB3aWR0aD0iMSIgaGVpZ2h0PSIxIiB4bWxucz0iaHR0cDovL3d3dy53My5vcmcvMjAwMC9zdmciPjwvc3ZnPg==\" style=\"--smush-placeholder-width: 150px; --smush-placeholder-aspect-ratio: 150\/150;\" \/><\/a>\n\t\t\t<\/div><\/figure>\n\t\t<\/div>\n\t\t<\/div>\n\t\t\t\t\t\t<\/div>\n\t\t\t\t<div class=\"elementor-element elementor-element-e4fdc3b elementor-widget-divider--view-line elementor-widget elementor-widget-divider\" data-id=\"e4fdc3b\" data-element_type=\"widget\" data-e-type=\"widget\" data-widget_type=\"divider.default\">\n\t\t\t\t\t\t\t<div class=\"elementor-divider\">\n\t\t\t<span class=\"elementor-divider-separator\">\n\t\t\t\t\t\t<\/span>\n\t\t<\/div>\n\t\t\t\t\t\t<\/div>\n\t\t\t\t\t<\/div>\n\t\t\t\t<\/div>\n\t\t<div class=\"elementor-element elementor-element-73b59c1 e-flex e-con-boxed e-con e-parent\" data-id=\"73b59c1\" data-element_type=\"container\" data-e-type=\"container\">\n\t\t\t\t\t<div class=\"e-con-inner\">\n\t\t\t\t<div class=\"elementor-element elementor-element-0319a85 elementor-widget elementor-widget-text-editor\" data-id=\"0319a85\" data-element_type=\"widget\" data-e-type=\"widget\" data-widget_type=\"text-editor.default\">\n\t\t\t\t\t\t\t\t\t<p data-sourcepos=\"11:1-11:39\"><strong>Refer\u00eancia Bibliogr\u00e1fica Principal:<\/strong><\/p><ul data-sourcepos=\"13:3-14:0\"><li data-sourcepos=\"13:3-14:0\">Costella, Ant\u00f4nio Fernando. Breve Hist\u00f3rico da Casa da Cultura.pdf<\/li><\/ul><p data-sourcepos=\"15:1-15:30\"><strong>Fonte Citada no Documento:<\/strong><\/p><ul data-sourcepos=\"17:3-18:0\"><li data-sourcepos=\"17:3-18:0\">&#8220;Casa da Juventude&#8221;. https:\/\/www.google.com\/search?q=emcamposdojordao.com.br, 26 de agosto de 2023, <a class=\"ng-star-inserted\" href=\"https:\/\/www.emcamposdojordao.com.br\/2023\/08\/26\/casa-da-juventude\/\" target=\"_blank\" rel=\"noopener\">https:\/\/www.emcamposdojordao.com.br\/2023\/08\/26\/casa-da-juventude\/<\/a>. Acessado em 26 de fevereiro de 2025.<\/li><\/ul>\t\t\t\t\t\t\t\t<\/div>\n\t\t\t\t\t<\/div>\n\t\t\t\t<\/div>\n\t\t\t\t<\/div>\n\t\t","protected":false},"excerpt":{"rendered":"<p>A Hist\u00f3rica Casa da Cultura de Campos do Jord\u00e3o A Casa da Cultura de Campos do Jord\u00e3o, situada no final da Avenida Brigadeiro Jord\u00e3o, em Vila Abern\u00e9ssia, \u00e9 uma das constru\u00e7\u00f5es mais antigas da cidade, com sua hist\u00f3ria entrela\u00e7ada ao desenvolvimento cultural e social de Campos do Jord\u00e3o. Edificada na d\u00e9cada de 1920, a casa [&hellip;]<\/p>\n","protected":false},"author":2,"featured_media":0,"parent":0,"menu_order":0,"comment_status":"closed","ping_status":"closed","template":"","meta":{"footnotes":""},"class_list":["post-80","page","type-page","status-publish","hentry","entry"],"_links":{"self":[{"href":"https:\/\/cultura.camposdojordao.sp.gov.br\/index.php?rest_route=\/wp\/v2\/pages\/80","targetHints":{"allow":["GET"]}}],"collection":[{"href":"https:\/\/cultura.camposdojordao.sp.gov.br\/index.php?rest_route=\/wp\/v2\/pages"}],"about":[{"href":"https:\/\/cultura.camposdojordao.sp.gov.br\/index.php?rest_route=\/wp\/v2\/types\/page"}],"author":[{"embeddable":true,"href":"https:\/\/cultura.camposdojordao.sp.gov.br\/index.php?rest_route=\/wp\/v2\/users\/2"}],"replies":[{"embeddable":true,"href":"https:\/\/cultura.camposdojordao.sp.gov.br\/index.php?rest_route=%2Fwp%2Fv2%2Fcomments&post=80"}],"version-history":[{"count":0,"href":"https:\/\/cultura.camposdojordao.sp.gov.br\/index.php?rest_route=\/wp\/v2\/pages\/80\/revisions"}],"wp:attachment":[{"href":"https:\/\/cultura.camposdojordao.sp.gov.br\/index.php?rest_route=%2Fwp%2Fv2%2Fmedia&parent=80"}],"curies":[{"name":"wp","href":"https:\/\/api.w.org\/{rel}","templated":true}]}}